se -v - 36 = -30. Let f(i) = i**3 + 4*i**2 - 11*i + 2. Give f(v).
-4
Let i(a) = -a**2 - a + 4. Suppose 3*x + 5 = -2*z, 3*x - 5 = x - 3*z. Let l = -7 - x. Let d be ((-1)/4*0)/l. What is i(d)?
4
Let c(v) = -2*v - 5. Suppose -5 = -2*o + 5. Suppose 0 = o*u, 2*q + 12 = -3*u + 6*u. What is c(q)?
7
Let o = 534 - 523. Let a(h) = h**3 - 10*h**2 - 8*h - 13. What is a(o)?
20
Let p(s) = 2*s**2 + 4*s + 7. Suppose 21 = -5*w + 14*v - 17*v, 0 = 4*v + 8. Calculate p(w).
13
Let a(y) = 7*y + 123. Let u be a(-18). Let g(j) = 4*j + 4. Determine g(u).
-8
Let n(p) = 12*p - 25. Let m(c) = -11*c + 19. Let t(b) = -4*m(b) - 3*n(b). Calculate t(1).
7
Let y(i) be the third derivative of -i**5/60 + i**4/6 - 7*i**3/6 + 230*i**2. What is y(7)?
-28
Let h(g) = -g**2 - 2*g + 1. Let k be (-12)/(-42) + (-158)/14. Let f(r) = -r**2 - 4*r + 2. Let o(x) = k*h(x) + 6*f(x). What is o(1)?
4
Let l(u) = u**2 + 9*u - 14. Let b be ((-195)/25 - -7)*(-25)/(-2). What is l(b)?
-4
Let t(z) = z - 5. Let p be t(-12). Let m = 29 + p. Let c = m - 7. Let b(g) = g**2 - 7*g + 2. Give b(c).
-8
Suppose 0 = 5*q + n + 30, -3*q + 0*q - 10 = -n. Let m(k) = 7*k**2 - 6*k + 5. Let f(a) = -6*a**2 + 5*a - 4. Let x(w) = q*f(w) - 4*m(w). Determine x(2).
6
Let u(h) be the second derivative of h**3/6 - 11*h**2 + 272*h - 2. What is u(9)?
-13
Let s(g) = 8*g + 5. Let w(i) = -9*i - 6. Let j(q) = 7*s(q) + 6*w(q). Let n(l) = -l**3 - 13*l**2 + l + 10. Let k be n(-13). Calculate j(k).
-7
Let s(m) = 8*m + 28 - 22*m + m**2 + 8*m**2 - 8*m**2. Determine s(11).
-5
Let m(x) = x**3 + 9*x**2 + 9*x + 11. Let v(h) = -3*h - 46. Let j be v(-14). Let o be -5 + (-4)/(j/(-3)). What is m(o)?
3
Let r(i) = -i**2 + 6*i + 1. Let o be (154/35 + -2)*10/4. Determine r(o).
1
Let o(h) = -2 - 489*h - h**2 + 248*h - 18*h**3 + 1 + 239*h. Calculate o(-1).
18
Let c(a) = -a**2 + 7. Let d(q) = -q**2 + 19*q - 65. Let p be d(15). Give c(p).
-18
Let m(x) = x**2 - 4. Let d = -23 - -27. Let j be m(d). Let o be (18/j)/((-2)/(-4)). Let i(k) = -k**3 + 4*k**2 - 1. Give i(o).
8
Let l(s) be the second derivative of s**7/840 - s**4/8 + s**3 - 13*s. Let i(h) be the second derivative of l(h). Calculate i(0).
-3
Let t(u) = -u**3 - 6*u**2 + 6*u - 5. Let g be t(-7). Let z(i) = -2*i + i**g - 5 + 0*i**3 - i**3 - 7*i**2. Suppose -724*q = -727*q - 18. What is z(q)?
7
Let a(v) = -v**3 + 2*v**2 + 5*v - 2. Let d be a(3). Let i(p) be the second derivative of p**4/12 - p**3/2 - 2*p**2 + 4*p. Calculate i(d).
0
Let z(g) be the third derivative of -1/4*g**4 + 1/6*g**3 - 14*g**2 + 1/12*g**5 - 1/120*g**6 + 0*g + 0. Give z(4).
-7
Suppose -5*x + 18 = 3. Let n(d) = -3*d - 2. Let g(o) = 3*o + 2. Let w(y) = x*n(y) + 2*g(y). Determine w(2).
-8
Let s(p) be the second derivative of 0 + 7/2*p**2 + p - 1/6*p**3. Give s(5).
2
Let i = 373 + -366. Let j(o) = -4*o + 6. What is j(i)?
-22
Let m be (3/(-2))/(1/(-4)). Suppose -h + 3*k = 2, 4*h + m*k - 43 = k. Let o(t) = 2*t**3 + 4 + 3*t**2 - t**3 - h*t + 2*t**2 - 13. What is o(-6)?
-3
Let d = -27 + 28. Let c(r) = 2*r**2 + 4*r - 5*r**2 - d + 3*r**2 + r**3 - 4*r**2. Determine c(3).
2
Let i(d) = 2*d**3 - 2*d**2 + 1. Let z be i(1). Let y be 1 + z + -2 + 2. Let h(t) = 12*t**3 - 3*t**3 + 4 - 8*t**3 - t**y. Give h(0).
4
Suppose -14*g = -13*g + 151. Let o = g - -154. Let p(x) = -x + 1. Calculate p(o).
-2
Let w(q) = 9*q**3 + 17*q**2 - 9*q - 4. Let s(k) = 1 + 5*k**3 - 7*k + 0 + 2*k + 9*k**2 - 3. Let u(d) = 11*s(d) - 6*w(d). Calculate u(2).
-4
Suppose 5*p = -4*p. Let t = 1 - 1. Let v be t*(p/4 + 1). Let z(k) = -k**3 - k**2 + k + 1. What is z(v)?
1
Let l(s) = s**2 - 4*s - 5. Let j be l(4). Let c(g) = 7*g**2 + 11*g + 5. Let q(p) = -p**2 - p. Let i(r) = -c(r) - 6*q(r). Give i(j).
-5
Let l = 11 + -8. Let x be 17*(l + -3 - 1). Let j = 10 + x. Let h(z) = z + 1. Calculate h(j).
-6
Suppose 0 = -w + 4*d + 23, 2*w - 50 + 15 = -3*d. Let o(u) = 6*u**2 + 12*u - 5 - 5*u**2 - 2*u**2 - w*u. Give o(-5).
5
Let b = 6 + -71. Let w = -66 - b. Let r(d) = 31*d**3 + d**2 - d - 1. Determine r(w).
-30
Let n(v) = 4*v - 1. Let b(c) = 28*c + 167. Let y be b(-6). Give n(y).
-5
Let p(w) = -2*w - 5. Suppose -4*r + 24 = -0*r. Determine p(r).
-17
Let n(v) = -v**3 - 6*v**2 + 5*v - 9. Let f(k) = -7 + 0 + 161*k**3 - 160*k**3. Let t be f(0). Determine n(t).
5
Let x(t) = -46*t**2 + 43*t**2 + 6*t**2 + 3*t - 2 - t**3. Calculate x(4).
-6
Let z(u) = 6*u**2 + 6*u**3 - 2*u**3 - 3*u**3 + 1. Let p(w) = -w**3 - 33*w**2 - 156*w + 156. Let d be p(-27). Give z(d).
1
Let g = 2466 - 2467. Let r(h) = 18*h + 1. Calculate r(g).
-17
Suppose 2*r + 139 - 115 = 0. Let c(y) = y**2 + 10*y - 15. Give c(r).
9
Let o(l) = -36*l - 5. Let x be o(-1). Suppose 0 = 7*r + x + 11. Let g(y) = -2*y - 7. What is g(r)?
5
Let j(s) = -s - 3. Let i be j(-4). Let p be i/9 - 55/9. Let r(m) = m**2 + 6*m + 6. Calculate r(p).
6
Let s(y) = -y**2 + 6*y + 4. Let r = 28 + -33. Let t = r + 9. Give s(t).
12
Let u(n) = n**3 + 7*n**2 + 8*n + 9. Suppose -j + b - 27 + 16 = 0, 1 = -j - b. What is u(j)?
-3
Let w(f) = 21 - 4*f - 16 - 3. What is w(-4)?
18
Let j = 42 + -43. Let x(y) = y**2 + y - 1. Let r(k) = 5*k**2 + 8*k. Let m(f) = j*r(f) + 6*x(f). Calculate m(5).
9
Let x(f) = -f**2 + 6*f - 4. Let q = 52 + -31. Suppose 3*t = -5*o + 43, -q = -2*t - 2*o + 1. Calculate x(t).
-4
Let s(j) = j + 11. Let c be s(-5). Let k be (-1 + 3)*2 - c. Let n(f) = -2*f**3 - 4*f**2 - 3*f. Give n(k).
6
Suppose 0 = -5*x + 3*s - 9, -4*x + 0 = s - 3. Let n(q) be the third derivative of q**4/24 + q**3 + q**2. What is n(x)?
6
Let n be (-3 - 2)*7/(-7). Let g(u) = u**2 - 32. Let y be g(n). Let z(j) = j**2 + 7*j - 6. Calculate z(y).
-6
Let k(l) = 12*l + 1. Suppose 4*c - 12 = 4*g, g - 5 = 5*c - 0. Let j be c/3 - 92/6. Let h = -17 - j. What is k(h)?
-11
Let l(y) = -y**3 + 8*y**2 - 6*y - 9. Let h = 516 - 509. Determine l(h).
-2
Let b(x) be the second derivative of -x**4/12 - 7*x**3/6 - 4*x**2 - 34*x - 8. What is b(-7)?
-8
Let c(i) be the third derivative of -4*i**2 + 0 + 7/6*i**3 + 0*i + 1/24*i**4. What is c(-3)?
4
Let t(x) be the first derivative of 0*x - 1/6*x**3 - 11 + 0*x**5 + 3/40*x**6 + 7/2*x**2 + 1/12*x**4. Let h(z) be the second derivative of t(z). What is h(1)?
10
Let p(h) be the second derivative of h**4/12 - 11*h**3/6 - h**2 + 6*h - 70. Determine p(6).
-32
Let h(w) = -w**3 + 3*w**2 + 4*w - 1. Let n(d) = 2*d**2 + 4*d + 3. Let l be n(-2). Let z(m) = -4*m**2 + m + 23. Let o be z(0). Suppose -5*c = -o + l. Give h(c).
-1
Let p(j) be the first derivative of -2*j**2 + j + 1. Suppose 7*c - 12*c = -10. Suppose -c*n - 2 + 6 = 0. What is p(n)?
-7
Let i(q) = q**2 + 11*q + 11. Suppose -j + 24 = -4*j - k, 0 = 3*j + 3*k + 24. Give i(j).
-13
Suppose q + 13 = -l, -4*l + 2 = -2*q - 6. Let r be ((-12)/q)/((-56)/35 + 2). Let o(j) = -j**3 + 2*j**2 + 5*j - 4. Give o(r).
2
Let b(y) = -12. Let o(s) = 19. Let d(j) = 8*b(j) + 5*o(j). Let l(m) = -3*m - 7. Let p(q) = 6*d(q) - l(q). Calculate p(-1).
-2
Suppose c = 4*c - 276. Let f = 91 - c. Let r(v) = 2*v + v**2 + 1 - v**3 - 2*v**3 - 4*v**3. Give r(f).
7
Let n(o) = -23*o**2 - 28*o**2 + 5*o + 46*o**2 - 3. Let x(y) = 4*y**2 - 3*y + 4. Let i(v) = -3*n(v) - 4*x(v). What is i(-5)?
-17
Suppose 0*f + 42 = 6*f. Let n(q) = q**2 - 9*q - 8. Let m(t) = -2*t**2 + 19*t + 17. Let x(d) = 3*m(d) + 7*n(d). Calculate x(f).
2
Let r(s) = -12*s**3 - s**2 + s - 1. Let x(i) = 2*i - 18. Let l(n) = -3*n + 27. Let o(w) = 5*l(w) + 8*x(w). Let u be o(10). Give r(u).
-13
Let q(j) = -3*j - 7. Let z = -324 - -312. What is q(z)?
29
Let x(b) = -b. Let z be (-8)/(-3) - (-4)/(-36)*6. Suppose 3*m - 4*l = -2*l + 25, z*m - 8 = -3*l. Give x(m).
-7
Let x(q) be the second derivative of q**5/20 + 5*q**4/4 + 7*q**3/3 + 416*q. What is x(-14)?
0
Let y(z) = -223*z - 225. Let w be y(-1). Let a(n) = -7*n**3 - n**2 - 2. Give a(w).
50
Let h = -6 + 8. Let r be 2/(-1)*-1*(-65)/(-2). Let z(l) = -2*l**h - r*l + 64*l + l**2 + 1. Determine z(2).
-5
Let c(l) = -l**2 + 4*l + 6. Suppose -3*p + u + 469 = 2*p, -4*u + 4 = 0. Suppose -4*r - 2*h = p, -5*r + 3*h - 4*h = 113. Let m = 28 + r. Calculate c(m).
-6
Let h(z) = -z - 3. Let v be h(-4). Let i(a) = -25*a + 318. Let c(g) = 37*g - 445. Let o(j) = -5*c(j) - 7*i(j). Determine o(v).
-11
Let m = -137 + 149. Let z(n) = n**2 - 11*n - 1. Determine z(m).
11
Let o be (-24)/(-12) - 0/(-2). Suppose -2*q - 3*w = 3*q - 20, -5*q + 20 = -o*w. Suppose -4*b = -0*b + q. Let y(p) = 6*p